{"version":"1.0","provider_name":"Fahrzeugtechnik Weber","provider_url":"http:\/\/www.fw-werkstatt.de","author_name":"weber","author_url":"http:\/\/www.fw-werkstatt.de\/index.php\/author\/weber\/","title":"Saisonchecks - Fahrzeugtechnik Weber","type":"rich","width":600,"height":338,"html":"<blockquote class=\"wp-embedded-content\" data-secret=\"cEHmcCcJy3\"><a href=\"http:\/\/www.fw-werkstatt.de\/index.php\/project\/saisonchecks\/\">Saisonchecks<\/a><\/blockquote><iframe sandbox=\"allow-scripts\" security=\"restricted\" src=\"http:\/\/www.fw-werkstatt.de\/index.php\/project\/saisonchecks\/embed\/#?secret=cEHmcCcJy3\" width=\"600\" height=\"338\" title=\"&#8222;Saisonchecks&#8220; &#8211; Fahrzeugtechnik Weber\" data-secret=\"cEHmcCcJy3\" frameborder=\"0\" marginwidth=\"0\" marginheight=\"0\" scrolling=\"no\" class=\"wp-embedded-content\"><\/iframe><script type=\"text\/javascript\">\n\/* <![CDATA[ *\/\n\/*! This file is auto-generated *\/\n!function(d,l){\"use strict\";l.querySelector&&d.addEventListener&&\"undefined\"!=typeof URL&&(d.wp=d.wp||{},d.wp.receiveEmbedMessage||(d.wp.receiveEmbedMessage=function(e){var t=e.data;if((t||t.secret||t.message||t.value)&&!\/[^a-zA-Z0-9]\/.test(t.secret)){for(var s,r,n,a=l.querySelectorAll('iframe[data-secret=\"'+t.secret+'\"]'),o=l.querySelectorAll('blockquote[data-secret=\"'+t.secret+'\"]'),c=new RegExp(\"^https?:$\",\"i\"),i=0;i<o.length;i++)o[i].style.display=\"none\";for(i=0;i<a.length;i++)s=a[i],e.source===s.contentWindow&&(s.removeAttribute(\"style\"),\"height\"===t.message?(1e3<(r=parseInt(t.value,10))?r=1e3:~~r<200&&(r=200),s.height=r):\"link\"===t.message&&(r=new URL(s.getAttribute(\"src\")),n=new URL(t.value),c.test(n.protocol))&&n.host===r.host&&l.activeElement===s&&(d.top.location.href=t.value))}},d.addEventListener(\"message\",d.wp.receiveEmbedMessage,!1),l.addEventListener(\"DOMContentLoaded\",function(){for(var e,t,s=l.querySelectorAll(\"iframe.wp-embedded-content\"),r=0;r<s.length;r++)(t=(e=s[r]).getAttribute(\"data-secret\"))||(t=Math.random().toString(36).substring(2,12),e.src+=\"#?secret=\"+t,e.setAttribute(\"data-secret\",t)),e.contentWindow.postMessage({message:\"ready\",secret:t},\"*\")},!1)))}(window,document);\n\/\/# sourceURL=http:\/\/www.fw-werkstatt.de\/wp-includes\/js\/wp-embed.min.js\n\/* ]]> *\/\n<\/script>\n","thumbnail_url":"http:\/\/www.fw-werkstatt.de\/wp-content\/uploads\/2016\/06\/saisoncheck.jpg","thumbnail_width":1080,"thumbnail_height":720,"description":"Wir f\u00fchren bei Ihrem Fahrzeug auf Wunsch Saisonchecks durch. Somit sind Sie f\u00fcr jede Jahreszeit oder jedes anliegen, wie z.B die Fahrt in den Sommerurlaub oder im Winter ins Ski Gebiet, ger\u00fcstet. Zur\u00fcck"}

Wir führen bei Ihrem Fahrzeug auf Wunsch Saisonchecks durch. Somit sind Sie für jede Jahreszeit oder jedes anliegen, wie z.B die Fahrt in den Sommerurlaub oder im Winter ins Ski Gebiet, gerüstet. Zurück
