{"id":53,"date":"2016-06-17T12:48:52","date_gmt":"2016-06-17T10:48:52","guid":{"rendered":"http:\/\/ftw.partner6.he-hosting.de\/?page_id=53"},"modified":"2026-04-21T13:42:32","modified_gmt":"2026-04-21T11:42:32","slug":"impressum","status":"publish","type":"page","link":"http:\/\/www.fw-werkstatt.de\/index.php\/impressum\/","title":{"rendered":"Impressum"},"content":{"rendered":"<p>Fahrzeugtechnik Weber<br \/>\nFlorian Weber<br \/>\nAlte Heerstra\u00dfe 18<br \/>\n31863 Coppenbr\u00fcgge<\/p>\n<p>Tel: 05156 \/ 7800811<\/p>\n<p>Web: http:\/\/www.fw-werkstatt.de<br \/>\nEmail: info@fw-werkstatt.de<\/p>\n<p>Steuernummer: 22 \/ 232 \/ 78501<strong><br \/>\n<\/strong><\/p>\n<p>Inhaltlich Verantwortlicher gem\u00e4\u00df DDG: Florian Weber<\/p>\n<p><strong>Haftung f\u00fcr Inhalte<\/strong><br \/>\nDie Inhalte unserer Seiten wurden mit gr\u00f6\u00dfter Sorgfalt erstellt. F\u00fcr die Richtigkeit, Vollst\u00e4ndigkeit und Aktualit\u00e4t der Inhalte k\u00f6nnen wir jedoch keine Gew\u00e4hr \u00fcbernehmen. Als Diensteanbieter sind wir gem\u00e4\u00df Telemediengesetz f\u00fcr eigene Inhalte auf diesen Seiten nach den allgemeinen Gesetzen verantwortlich. Diensteanbieter sind jedoch nicht verpflichtet, die von ihnen \u00fcbermittelten oder gespeicherten fremden Informationen zu \u00fcberwachen oder nach Umst\u00e4nden zu forschen, die auf eine rechtswidrige T\u00e4tigkeit hinweisen. Verpflichtungen zur Entfernung oder Sperrung der Nutzung von Informationen nach den allgemeinen Gesetzen bleiben hiervon unber\u00fchrt. Eine diesbez\u00fcgliche Haftung ist jedoch erst ab dem Zeitpunkt der Kenntnis einer konkreten Rechtsverletzung m\u00f6glich. Bei bekannt werden von entsprechenden Rechtsverletzungen werden wir diese Inhalte umgehend entfernen.<\/p>\n<p><strong>Haftung f\u00fcr Links<\/strong><br \/>\nUnser Angebot enth\u00e4lt Links zu externen Webseiten Dritter, auf deren Inhalte wir keinen Einfluss haben. Deshalb k\u00f6nnen wir f\u00fcr diese fremden Inhalte auch keine Gew\u00e4hr \u00fcbernehmen. F\u00fcr die Inhalte der verlinkten Seiten ist stets der jeweilige Anbieter oder Betreiber der Seiten verantwortlich. Die verlinkten Seiten wurden zum Zeitpunkt der Verlinkung auf m\u00f6gliche Rechtsverst\u00f6\u00dfe \u00fcberpr\u00fcft. Rechtswidrige Inhalte waren zum Zeitpunkt der Verlinkung nicht erkennbar. Eine permanente inhaltliche Kontrolle der verlinkten Seiten ist jedoch ohne konkrete Anhaltspunkte einer Rechtsverletzung nicht zumutbar. Bei bekannt werden von Rechtsverletzungen werden wir derartige Links umgehend entfernen.<\/p>\n<p><strong>Urheberrecht<\/strong><br \/>\nDie Betreiber der Seiten sind bem\u00fcht, stets die Urheberrechte anderer zu beachten bzw. auf selbst erstellte sowie lizenzfreie Werke zur\u00fcckzugreifen. Die durch die Seitenbetreiber erstellten Inhalte und Werke auf diesen Seiten unterliegen dem deutschen Urheberrecht. Beitr\u00e4ge Dritter sind als solche gekennzeichnet. Die Vervielf\u00e4ltigung, Bearbeitung, Verbreitung und jede Art der Verwertung au\u00dferhalb der Grenzen des Urheberrechtes bed\u00fcrfen der schriftlichen Zustimmung des jeweiligen Autors bzw. Erstellers. Downloads und Kopien dieser Seite sind nur f\u00fcr den privaten, nicht kommerziellen Gebrauch gestattet.<\/p>\n<p><strong>Bildquellen:<\/strong><br \/>\n\u00a9 mirpic &#8211; Fotolia.com<br \/>\n\u00a9 Igor Tarasov &#8211; Fotolia.com<br \/>\n\u00a9 bizoo_n &#8211; Fotolia.com<br \/>\n\u00a9 zenstock &#8211; Fotolia.com<br \/>\n\u00a9 motorradcbr &#8211; Fotolia.com<br \/>\n\u00a9 ake1150 &#8211; Fotolia.com<br \/>\n\u00a9 ThamKC &#8211; Fotolia.com<br \/>\n\u00a9 Pixelot &#8211; Fotolia.com<br \/>\n\u00a9 black_magic &#8211; Fotolia.com<\/p>\n<p><strong>Layout und die technische Umsetzung:<\/strong><br \/>\nMedien31 GmbH<br \/>\nBaustr. 44<br \/>\n31785 Hameln<br \/>\nTel. 05151 \/ 200 150<br \/>\nkontakt@medien31.de<br \/>\nmedien31.de<\/p>\n","protected":false},"excerpt":{"rendered":"<p>Fahrzeugtechnik Weber Florian Weber Alte Heerstra\u00dfe 18 31863 Coppenbr\u00fcgge Tel: 05156 \/ 7800811 Web: http:\/\/www.fw-werkstatt.de Email: info@fw-werkstatt.de Steuernummer: 22 \/ 232 \/ 78501 Inhaltlich Verantwortlicher gem\u00e4\u00df DDG: Florian Weber Haftung f\u00fcr Inhalte Die Inhalte unserer Seiten wurden mit gr\u00f6\u00dfter Sorgfalt erstellt. F\u00fcr die Richtigkeit, Vollst\u00e4ndigkeit und Aktualit\u00e4t der Inhalte k\u00f6nnen wir jedoch keine Gew\u00e4hr \u00fcbernehmen. [&hellip;]<\/p>\n","protected":false},"author":1,"featured_media":0,"parent":0,"menu_order":0,"comment_status":"closed","ping_status":"closed","template":"","meta":{"_et_pb_use_builder":"","_et_pb_old_content":"","_et_gb_content_width":"","cybocfi_hide_featured_image":"","footnotes":""},"class_list":["post-53","page","type-page","status-publish","hentry"],"yoast_head":"<!-- This site is optimized with the Yoast SEO plugin v27.4 - https:\/\/yoast.com\/product\/yoast-seo-wordpress\/ -->\n<title>Impressum - Fahrzeugtechnik Weber<\/title>\n<meta name=\"description\" content=\"Wir \u00fcberzeugen mit Qualit\u00e4t und Leistung. Der volle Umfang und Service einer Kfz-Werkstatt inklusive Chiptuning.\" \/>\n<meta name=\"robots\" content=\"index, follow, max-snippet:-1, max-image-preview:large, max-video-preview:-1\" \/>\n<link rel=\"canonical\" href=\"http:\/\/www.fw-werkstatt.de\/index.php\/impressum\/\" \/>\n<meta property=\"og:locale\" content=\"de_DE\" \/>\n<meta property=\"og:type\" content=\"article\" \/>\n<meta property=\"og:title\" content=\"Impressum - Fahrzeugtechnik Weber\" \/>\n<meta property=\"og:description\" content=\"Wir \u00fcberzeugen mit Qualit\u00e4t und Leistung. Der volle Umfang und Service einer Kfz-Werkstatt inklusive Chiptuning.\" \/>\n<meta property=\"og:url\" content=\"http:\/\/www.fw-werkstatt.de\/index.php\/impressum\/\" \/>\n<meta property=\"og:site_name\" content=\"Fahrzeugtechnik Weber\" \/>\n<meta property=\"article:modified_time\" content=\"2026-04-21T11:42:32+00:00\" \/>\n<meta name=\"twitter:card\" content=\"summary_large_image\" \/>\n<meta name=\"twitter:label1\" content=\"Gesch\u00e4tzte Lesezeit\" \/>\n\t<meta name=\"twitter:data1\" content=\"2\u00a0Minuten\" \/>\n<script type=\"application\/ld+json\" class=\"yoast-schema-graph\">{\"@context\":\"https:\\\/\\\/schema.org\",\"@graph\":[{\"@type\":\"WebPage\",\"@id\":\"http:\\\/\\\/www.fw-werkstatt.de\\\/index.php\\\/impressum\\\/\",\"url\":\"http:\\\/\\\/www.fw-werkstatt.de\\\/index.php\\\/impressum\\\/\",\"name\":\"Impressum - Fahrzeugtechnik Weber\",\"isPartOf\":{\"@id\":\"http:\\\/\\\/www.fw-werkstatt.de\\\/#website\"},\"datePublished\":\"2016-06-17T10:48:52+00:00\",\"dateModified\":\"2026-04-21T11:42:32+00:00\",\"description\":\"Wir \u00fcberzeugen mit Qualit\u00e4t und Leistung. Der volle Umfang und Service einer Kfz-Werkstatt inklusive Chiptuning.\",\"breadcrumb\":{\"@id\":\"http:\\\/\\\/www.fw-werkstatt.de\\\/index.php\\\/impressum\\\/#breadcrumb\"},\"inLanguage\":\"de\",\"potentialAction\":[{\"@type\":\"ReadAction\",\"target\":[\"http:\\\/\\\/www.fw-werkstatt.de\\\/index.php\\\/impressum\\\/\"]}]},{\"@type\":\"BreadcrumbList\",\"@id\":\"http:\\\/\\\/www.fw-werkstatt.de\\\/index.php\\\/impressum\\\/#breadcrumb\",\"itemListElement\":[{\"@type\":\"ListItem\",\"position\":1,\"name\":\"Startseite\",\"item\":\"http:\\\/\\\/www.fw-werkstatt.de\\\/\"},{\"@type\":\"ListItem\",\"position\":2,\"name\":\"Impressum\"}]},{\"@type\":\"WebSite\",\"@id\":\"http:\\\/\\\/www.fw-werkstatt.de\\\/#website\",\"url\":\"http:\\\/\\\/www.fw-werkstatt.de\\\/\",\"name\":\"Fahrzeugtechnik Weber\",\"description\":\"Ihre KFZ-Werkstatt in Coppenbr\u00fcgge\",\"potentialAction\":[{\"@type\":\"SearchAction\",\"target\":{\"@type\":\"EntryPoint\",\"urlTemplate\":\"http:\\\/\\\/www.fw-werkstatt.de\\\/?s={search_term_string}\"},\"query-input\":{\"@type\":\"PropertyValueSpecification\",\"valueRequired\":true,\"valueName\":\"search_term_string\"}}],\"inLanguage\":\"de\"}]}<\/script>\n<!-- \/ Yoast SEO plugin. -->","yoast_head_json":{"title":"Impressum - Fahrzeugtechnik Weber","description":"Wir \u00fcberzeugen mit Qualit\u00e4t und Leistung. Der volle Umfang und Service einer Kfz-Werkstatt inklusive Chiptuning.","robots":{"index":"index","follow":"follow","max-snippet":"max-snippet:-1","max-image-preview":"max-image-preview:large","max-video-preview":"max-video-preview:-1"},"canonical":"http:\/\/www.fw-werkstatt.de\/index.php\/impressum\/","og_locale":"de_DE","og_type":"article","og_title":"Impressum - Fahrzeugtechnik Weber","og_description":"Wir \u00fcberzeugen mit Qualit\u00e4t und Leistung. Der volle Umfang und Service einer Kfz-Werkstatt inklusive Chiptuning.","og_url":"http:\/\/www.fw-werkstatt.de\/index.php\/impressum\/","og_site_name":"Fahrzeugtechnik Weber","article_modified_time":"2026-04-21T11:42:32+00:00","twitter_card":"summary_large_image","twitter_misc":{"Gesch\u00e4tzte Lesezeit":"2\u00a0Minuten"},"schema":{"@context":"https:\/\/schema.org","@graph":[{"@type":"WebPage","@id":"http:\/\/www.fw-werkstatt.de\/index.php\/impressum\/","url":"http:\/\/www.fw-werkstatt.de\/index.php\/impressum\/","name":"Impressum - Fahrzeugtechnik Weber","isPartOf":{"@id":"http:\/\/www.fw-werkstatt.de\/#website"},"datePublished":"2016-06-17T10:48:52+00:00","dateModified":"2026-04-21T11:42:32+00:00","description":"Wir \u00fcberzeugen mit Qualit\u00e4t und Leistung. Der volle Umfang und Service einer Kfz-Werkstatt inklusive Chiptuning.","breadcrumb":{"@id":"http:\/\/www.fw-werkstatt.de\/index.php\/impressum\/#breadcrumb"},"inLanguage":"de","potentialAction":[{"@type":"ReadAction","target":["http:\/\/www.fw-werkstatt.de\/index.php\/impressum\/"]}]},{"@type":"BreadcrumbList","@id":"http:\/\/www.fw-werkstatt.de\/index.php\/impressum\/#breadcrumb","itemListElement":[{"@type":"ListItem","position":1,"name":"Startseite","item":"http:\/\/www.fw-werkstatt.de\/"},{"@type":"ListItem","position":2,"name":"Impressum"}]},{"@type":"WebSite","@id":"http:\/\/www.fw-werkstatt.de\/#website","url":"http:\/\/www.fw-werkstatt.de\/","name":"Fahrzeugtechnik Weber","description":"Ihre KFZ-Werkstatt in Coppenbr\u00fcgge","potentialAction":[{"@type":"SearchAction","target":{"@type":"EntryPoint","urlTemplate":"http:\/\/www.fw-werkstatt.de\/?s={search_term_string}"},"query-input":{"@type":"PropertyValueSpecification","valueRequired":true,"valueName":"search_term_string"}}],"inLanguage":"de"}]}},"_links":{"self":[{"href":"http:\/\/www.fw-werkstatt.de\/index.php\/wp-json\/wp\/v2\/pages\/53","targetHints":{"allow":["GET"]}}],"collection":[{"href":"http:\/\/www.fw-werkstatt.de\/index.php\/wp-json\/wp\/v2\/pages"}],"about":[{"href":"http:\/\/www.fw-werkstatt.de\/index.php\/wp-json\/wp\/v2\/types\/page"}],"author":[{"embeddable":true,"href":"http:\/\/www.fw-werkstatt.de\/index.php\/wp-json\/wp\/v2\/users\/1"}],"replies":[{"embeddable":true,"href":"http:\/\/www.fw-werkstatt.de\/index.php\/wp-json\/wp\/v2\/comments?post=53"}],"version-history":[{"count":8,"href":"http:\/\/www.fw-werkstatt.de\/index.php\/wp-json\/wp\/v2\/pages\/53\/revisions"}],"predecessor-version":[{"id":665,"href":"http:\/\/www.fw-werkstatt.de\/index.php\/wp-json\/wp\/v2\/pages\/53\/revisions\/665"}],"wp:attachment":[{"href":"http:\/\/www.fw-werkstatt.de\/index.php\/wp-json\/wp\/v2\/media?parent=53"}],"curies":[{"name":"wp","href":"https:\/\/api.w.org\/{rel}","templated":true}]}}