{"id":85,"date":"2016-06-17T14:14:31","date_gmt":"2016-06-17T12:14:31","guid":{"rendered":"http:\/\/ftw.partner6.he-hosting.de\/?post_type=project&#038;p=85"},"modified":"2016-09-15T15:51:44","modified_gmt":"2016-09-15T13:51:44","slug":"bremsen-und-auspuff","status":"publish","type":"project","link":"http:\/\/www.fw-werkstatt.de\/index.php\/project\/bremsen-und-auspuff\/","title":{"rendered":"Bremsen und Auspuff"},"content":{"rendered":"<p>Die Bremse quietscht, der Auspuff r\u00f6hrt? Oder soll sogar absichtlich lauter im Sinne eines Sportschalld\u00e4mpfers? Dann kommen Sie zu uns. Wir verwenden hier, wie in auch in allen anderen Bereichen, Originalersatzteile und Teile in Erstausr\u00fcster Qualit\u00e4t.<\/p>\n<p>Sollten die Ersatzteile mal nicht sofort bis auf den n\u00e4chsten Tag verf\u00fcgbar sein, haben Sie die M\u00f6glichkeit einen unserer Ersatzwagen zu nutzen.<\/p>\n<p><a href=\"..\/..\/\">Zur\u00fcck<\/a><\/p>\n","protected":false},"excerpt":{"rendered":"<p>Die Bremse quietscht, der Auspuff r\u00f6hrt? Oder soll sogar absichtlich lauter im Sinne eines Sportschalld\u00e4mpfers? Dann kommen Sie zu uns. Wir verwenden hier, wie in auch in allen anderen Bereichen, Originalersatzteile und Teile in Erstausr\u00fcster Qualit\u00e4t. Sollten die Ersatzteile mal nicht sofort bis auf den n\u00e4chsten Tag verf\u00fcgbar sein, haben Sie die M\u00f6glichkeit einen unserer [&hellip;]<\/p>\n","protected":false},"author":1,"featured_media":283,"comment_status":"closed","ping_status":"closed","template":"","meta":{"_et_pb_use_builder":"","_et_pb_old_content":"","_et_gb_content_width":"","cybocfi_hide_featured_image":"","footnotes":""},"project_category":[4],"project_tag":[],"class_list":["post-85","project","type-project","status-publish","has-post-thumbnail","hentry","project_category-leistungen"],"yoast_head":"<!-- This site is optimized with the Yoast SEO plugin v27.4 - https:\/\/yoast.com\/product\/yoast-seo-wordpress\/ -->\n<title>Bremsen und Auspuff - Fahrzeugtechnik Weber<\/title>\n<meta name=\"robots\" content=\"index, follow, max-snippet:-1, max-image-preview:large, max-video-preview:-1\" \/>\n<link rel=\"canonical\" href=\"https:\/\/www.fw-werkstatt.de\/index.php\/project\/bremsen-und-auspuff\/\" \/>\n<meta property=\"og:locale\" content=\"de_DE\" \/>\n<meta property=\"og:type\" content=\"article\" \/>\n<meta property=\"og:title\" content=\"Bremsen und Auspuff - Fahrzeugtechnik Weber\" \/>\n<meta property=\"og:description\" content=\"Die Bremse quietscht, der Auspuff r\u00f6hrt? Oder soll sogar absichtlich lauter im Sinne eines Sportschalld\u00e4mpfers? Dann kommen Sie zu uns. Wir verwenden hier, wie in auch in allen anderen Bereichen, Originalersatzteile und Teile in Erstausr\u00fcster Qualit\u00e4t. Sollten die Ersatzteile mal nicht sofort bis auf den n\u00e4chsten Tag verf\u00fcgbar sein, haben Sie die M\u00f6glichkeit einen unserer [&hellip;]\" \/>\n<meta property=\"og:url\" content=\"https:\/\/www.fw-werkstatt.de\/index.php\/project\/bremsen-und-auspuff\/\" \/>\n<meta property=\"og:site_name\" content=\"Fahrzeugtechnik Weber\" \/>\n<meta property=\"article:modified_time\" content=\"2016-09-15T13:51:44+00:00\" \/>\n<meta property=\"og:image\" content=\"https:\/\/www.fw-werkstatt.de\/wp-content\/uploads\/2016\/09\/Fotolia_99215929_S.jpg\" \/>\n\t<meta property=\"og:image:width\" content=\"1080\" \/>\n\t<meta property=\"og:image:height\" content=\"720\" \/>\n\t<meta property=\"og:image:type\" content=\"image\/jpeg\" \/>\n<meta name=\"twitter:card\" content=\"summary_large_image\" \/>\n<script type=\"application\/ld+json\" class=\"yoast-schema-graph\">{\"@context\":\"https:\\\/\\\/schema.org\",\"@graph\":[{\"@type\":\"WebPage\",\"@id\":\"https:\\\/\\\/www.fw-werkstatt.de\\\/index.php\\\/project\\\/bremsen-und-auspuff\\\/\",\"url\":\"https:\\\/\\\/www.fw-werkstatt.de\\\/index.php\\\/project\\\/bremsen-und-auspuff\\\/\",\"name\":\"Bremsen und Auspuff - Fahrzeugtechnik Weber\",\"isPartOf\":{\"@id\":\"https:\\\/\\\/www.fw-werkstatt.de\\\/#website\"},\"primaryImageOfPage\":{\"@id\":\"https:\\\/\\\/www.fw-werkstatt.de\\\/index.php\\\/project\\\/bremsen-und-auspuff\\\/#primaryimage\"},\"image\":{\"@id\":\"https:\\\/\\\/www.fw-werkstatt.de\\\/index.php\\\/project\\\/bremsen-und-auspuff\\\/#primaryimage\"},\"thumbnailUrl\":\"http:\\\/\\\/www.fw-werkstatt.de\\\/wp-content\\\/uploads\\\/2016\\\/09\\\/Fotolia_99215929_S.jpg\",\"datePublished\":\"2016-06-17T12:14:31+00:00\",\"dateModified\":\"2016-09-15T13:51:44+00:00\",\"breadcrumb\":{\"@id\":\"https:\\\/\\\/www.fw-werkstatt.de\\\/index.php\\\/project\\\/bremsen-und-auspuff\\\/#breadcrumb\"},\"inLanguage\":\"de\",\"potentialAction\":[{\"@type\":\"ReadAction\",\"target\":[\"https:\\\/\\\/www.fw-werkstatt.de\\\/index.php\\\/project\\\/bremsen-und-auspuff\\\/\"]}]},{\"@type\":\"ImageObject\",\"inLanguage\":\"de\",\"@id\":\"https:\\\/\\\/www.fw-werkstatt.de\\\/index.php\\\/project\\\/bremsen-und-auspuff\\\/#primaryimage\",\"url\":\"http:\\\/\\\/www.fw-werkstatt.de\\\/wp-content\\\/uploads\\\/2016\\\/09\\\/Fotolia_99215929_S.jpg\",\"contentUrl\":\"http:\\\/\\\/www.fw-werkstatt.de\\\/wp-content\\\/uploads\\\/2016\\\/09\\\/Fotolia_99215929_S.jpg\",\"width\":1080,\"height\":720,\"caption\":\"Bremsen und Auspuff\"},{\"@type\":\"BreadcrumbList\",\"@id\":\"https:\\\/\\\/www.fw-werkstatt.de\\\/index.php\\\/project\\\/bremsen-und-auspuff\\\/#breadcrumb\",\"itemListElement\":[{\"@type\":\"ListItem\",\"position\":1,\"name\":\"Startseite\",\"item\":\"https:\\\/\\\/www.fw-werkstatt.de\\\/\"},{\"@type\":\"ListItem\",\"position\":2,\"name\":\"Projekte\",\"item\":\"https:\\\/\\\/www.fw-werkstatt.de\\\/index.php\\\/project\\\/\"},{\"@type\":\"ListItem\",\"position\":3,\"name\":\"Bremsen und Auspuff\"}]},{\"@type\":\"WebSite\",\"@id\":\"https:\\\/\\\/www.fw-werkstatt.de\\\/#website\",\"url\":\"https:\\\/\\\/www.fw-werkstatt.de\\\/\",\"name\":\"Fahrzeugtechnik Weber\",\"description\":\"Ihre KFZ-Werkstatt in Coppenbr\u00fcgge\",\"potentialAction\":[{\"@type\":\"SearchAction\",\"target\":{\"@type\":\"EntryPoint\",\"urlTemplate\":\"https:\\\/\\\/www.fw-werkstatt.de\\\/?s={search_term_string}\"},\"query-input\":{\"@type\":\"PropertyValueSpecification\",\"valueRequired\":true,\"valueName\":\"search_term_string\"}}],\"inLanguage\":\"de\"}]}<\/script>\n<!-- \/ Yoast SEO plugin. -->","yoast_head_json":{"title":"Bremsen und Auspuff - Fahrzeugtechnik Weber","robots":{"index":"index","follow":"follow","max-snippet":"max-snippet:-1","max-image-preview":"max-image-preview:large","max-video-preview":"max-video-preview:-1"},"canonical":"https:\/\/www.fw-werkstatt.de\/index.php\/project\/bremsen-und-auspuff\/","og_locale":"de_DE","og_type":"article","og_title":"Bremsen und Auspuff - Fahrzeugtechnik Weber","og_description":"Die Bremse quietscht, der Auspuff r\u00f6hrt? Oder soll sogar absichtlich lauter im Sinne eines Sportschalld\u00e4mpfers? Dann kommen Sie zu uns. Wir verwenden hier, wie in auch in allen anderen Bereichen, Originalersatzteile und Teile in Erstausr\u00fcster Qualit\u00e4t. Sollten die Ersatzteile mal nicht sofort bis auf den n\u00e4chsten Tag verf\u00fcgbar sein, haben Sie die M\u00f6glichkeit einen unserer [&hellip;]","og_url":"https:\/\/www.fw-werkstatt.de\/index.php\/project\/bremsen-und-auspuff\/","og_site_name":"Fahrzeugtechnik Weber","article_modified_time":"2016-09-15T13:51:44+00:00","og_image":[{"width":1080,"height":720,"url":"https:\/\/www.fw-werkstatt.de\/wp-content\/uploads\/2016\/09\/Fotolia_99215929_S.jpg","type":"image\/jpeg"}],"twitter_card":"summary_large_image","schema":{"@context":"https:\/\/schema.org","@graph":[{"@type":"WebPage","@id":"https:\/\/www.fw-werkstatt.de\/index.php\/project\/bremsen-und-auspuff\/","url":"https:\/\/www.fw-werkstatt.de\/index.php\/project\/bremsen-und-auspuff\/","name":"Bremsen und Auspuff - Fahrzeugtechnik Weber","isPartOf":{"@id":"https:\/\/www.fw-werkstatt.de\/#website"},"primaryImageOfPage":{"@id":"https:\/\/www.fw-werkstatt.de\/index.php\/project\/bremsen-und-auspuff\/#primaryimage"},"image":{"@id":"https:\/\/www.fw-werkstatt.de\/index.php\/project\/bremsen-und-auspuff\/#primaryimage"},"thumbnailUrl":"http:\/\/www.fw-werkstatt.de\/wp-content\/uploads\/2016\/09\/Fotolia_99215929_S.jpg","datePublished":"2016-06-17T12:14:31+00:00","dateModified":"2016-09-15T13:51:44+00:00","breadcrumb":{"@id":"https:\/\/www.fw-werkstatt.de\/index.php\/project\/bremsen-und-auspuff\/#breadcrumb"},"inLanguage":"de","potentialAction":[{"@type":"ReadAction","target":["https:\/\/www.fw-werkstatt.de\/index.php\/project\/bremsen-und-auspuff\/"]}]},{"@type":"ImageObject","inLanguage":"de","@id":"https:\/\/www.fw-werkstatt.de\/index.php\/project\/bremsen-und-auspuff\/#primaryimage","url":"http:\/\/www.fw-werkstatt.de\/wp-content\/uploads\/2016\/09\/Fotolia_99215929_S.jpg","contentUrl":"http:\/\/www.fw-werkstatt.de\/wp-content\/uploads\/2016\/09\/Fotolia_99215929_S.jpg","width":1080,"height":720,"caption":"Bremsen und Auspuff"},{"@type":"BreadcrumbList","@id":"https:\/\/www.fw-werkstatt.de\/index.php\/project\/bremsen-und-auspuff\/#breadcrumb","itemListElement":[{"@type":"ListItem","position":1,"name":"Startseite","item":"https:\/\/www.fw-werkstatt.de\/"},{"@type":"ListItem","position":2,"name":"Projekte","item":"https:\/\/www.fw-werkstatt.de\/index.php\/project\/"},{"@type":"ListItem","position":3,"name":"Bremsen und Auspuff"}]},{"@type":"WebSite","@id":"https:\/\/www.fw-werkstatt.de\/#website","url":"https:\/\/www.fw-werkstatt.de\/","name":"Fahrzeugtechnik Weber","description":"Ihre KFZ-Werkstatt in Coppenbr\u00fcgge","potentialAction":[{"@type":"SearchAction","target":{"@type":"EntryPoint","urlTemplate":"https:\/\/www.fw-werkstatt.de\/?s={search_term_string}"},"query-input":{"@type":"PropertyValueSpecification","valueRequired":true,"valueName":"search_term_string"}}],"inLanguage":"de"}]}},"_links":{"self":[{"href":"http:\/\/www.fw-werkstatt.de\/index.php\/wp-json\/wp\/v2\/project\/85","targetHints":{"allow":["GET"]}}],"collection":[{"href":"http:\/\/www.fw-werkstatt.de\/index.php\/wp-json\/wp\/v2\/project"}],"about":[{"href":"http:\/\/www.fw-werkstatt.de\/index.php\/wp-json\/wp\/v2\/types\/project"}],"author":[{"embeddable":true,"href":"http:\/\/www.fw-werkstatt.de\/index.php\/wp-json\/wp\/v2\/users\/1"}],"replies":[{"embeddable":true,"href":"http:\/\/www.fw-werkstatt.de\/index.php\/wp-json\/wp\/v2\/comments?post=85"}],"version-history":[{"count":3,"href":"http:\/\/www.fw-werkstatt.de\/index.php\/wp-json\/wp\/v2\/project\/85\/revisions"}],"predecessor-version":[{"id":184,"href":"http:\/\/www.fw-werkstatt.de\/index.php\/wp-json\/wp\/v2\/project\/85\/revisions\/184"}],"wp:featuredmedia":[{"embeddable":true,"href":"http:\/\/www.fw-werkstatt.de\/index.php\/wp-json\/wp\/v2\/media\/283"}],"wp:attachment":[{"href":"http:\/\/www.fw-werkstatt.de\/index.php\/wp-json\/wp\/v2\/media?parent=85"}],"wp:term":[{"taxonomy":"project_category","embeddable":true,"href":"http:\/\/www.fw-werkstatt.de\/index.php\/wp-json\/wp\/v2\/project_category?post=85"},{"taxonomy":"project_tag","embeddable":true,"href":"http:\/\/www.fw-werkstatt.de\/index.php\/wp-json\/wp\/v2\/project_tag?post=85"}],"curies":[{"name":"wp","href":"https:\/\/api.w.org\/{rel}","templated":true}]}}

<p>Die Bremse quietscht, der Auspuff röhrt? Oder soll sogar absichtlich lauter im Sinne eines Sportschalldämpfers? Dann kommen Sie zu uns. Wir verwenden hier, wie in auch in allen anderen Bereichen, Originalersatzteile und Teile in Erstausrüster Qualität.</p>
<p>Sollten die Ersatzteile mal nicht sofort bis auf den nächsten Tag verfügbar sein, haben Sie die Möglichkeit einen unserer Ersatzwagen zu nutzen.</p>
<p><a href="../../">Zurück</a></p>

<p>Die Bremse quietscht, der Auspuff röhrt? Oder soll sogar absichtlich lauter im Sinne eines Sportschalldämpfers? Dann kommen Sie zu uns. Wir verwenden hier, wie in auch in allen anderen Bereichen, Originalersatzteile und Teile in Erstausrüster Qualität. Sollten die Ersatzteile mal nicht sofort bis auf den nächsten Tag verfügbar sein, haben Sie die Möglichkeit einen unserer [&hellip;]</p>

<!-- This site is optimized with the Yoast SEO plugin v27.4 - https://yoast.com/product/yoast-seo-wordpress/ -->
<title>Bremsen und Auspuff - Fahrzeugtechnik Weber</title>
<meta name="robots" content="index, follow, max-snippet:-1, max-image-preview:large, max-video-preview:-1" />
<link rel="canonical" href="https://www.fw-werkstatt.de/index.php/project/bremsen-und-auspuff/" />
<meta property="og:locale" content="de_DE" />
<meta property="og:type" content="article" />
<meta property="og:title" content="Bremsen und Auspuff - Fahrzeugtechnik Weber" />
<meta property="og:description" content="Die Bremse quietscht, der Auspuff röhrt? Oder soll sogar absichtlich lauter im Sinne eines Sportschalldämpfers? Dann kommen Sie zu uns. Wir verwenden hier, wie in auch in allen anderen Bereichen, Originalersatzteile und Teile in Erstausrüster Qualität. Sollten die Ersatzteile mal nicht sofort bis auf den nächsten Tag verfügbar sein, haben Sie die Möglichkeit einen unserer [&hellip;]" />
<meta property="og:url" content="https://www.fw-werkstatt.de/index.php/project/bremsen-und-auspuff/" />
<meta property="og:site_name" content="Fahrzeugtechnik Weber" />
<meta property="article:modified_time" content="2016-09-15T13:51:44+00:00" />
<meta property="og:image" content="https://www.fw-werkstatt.de/wp-content/uploads/2016/09/Fotolia_99215929_S.jpg" />
	<meta property="og:image:width" content="1080" />
	<meta property="og:image:height" content="720" />
	<meta property="og:image:type" content="image/jpeg" />
<meta name="twitter:card" content="summary_large_image" />
<script type="application/ld+json" class="yoast-schema-graph">{"@context":"https:\/\/schema.org","@graph":[{"@type":"WebPage","@id":"https:\/\/www.fw-werkstatt.de\/index.php\/project\/bremsen-und-auspuff\/","url":"https:\/\/www.fw-werkstatt.de\/index.php\/project\/bremsen-und-auspuff\/","name":"Bremsen und Auspuff - Fahrzeugtechnik Weber","isPartOf":{"@id":"https:\/\/www.fw-werkstatt.de\/#website"},"primaryImageOfPage":{"@id":"https:\/\/www.fw-werkstatt.de\/index.php\/project\/bremsen-und-auspuff\/#primaryimage"},"image":{"@id":"https:\/\/www.fw-werkstatt.de\/index.php\/project\/bremsen-und-auspuff\/#primaryimage"},"thumbnailUrl":"http:\/\/www.fw-werkstatt.de\/wp-content\/uploads\/2016\/09\/Fotolia_99215929_S.jpg","datePublished":"2016-06-17T12:14:31+00:00","dateModified":"2016-09-15T13:51:44+00:00","breadcrumb":{"@id":"https:\/\/www.fw-werkstatt.de\/index.php\/project\/bremsen-und-auspuff\/#breadcrumb"},"inLanguage":"de","potentialAction":[{"@type":"ReadAction","target":["https:\/\/www.fw-werkstatt.de\/index.php\/project\/bremsen-und-auspuff\/"]}]},{"@type":"ImageObject","inLanguage":"de","@id":"https:\/\/www.fw-werkstatt.de\/index.php\/project\/bremsen-und-auspuff\/#primaryimage","url":"http:\/\/www.fw-werkstatt.de\/wp-content\/uploads\/2016\/09\/Fotolia_99215929_S.jpg","contentUrl":"http:\/\/www.fw-werkstatt.de\/wp-content\/uploads\/2016\/09\/Fotolia_99215929_S.jpg","width":1080,"height":720,"caption":"Bremsen und Auspuff"},{"@type":"BreadcrumbList","@id":"https:\/\/www.fw-werkstatt.de\/index.php\/project\/bremsen-und-auspuff\/#breadcrumb","itemListElement":[{"@type":"ListItem","position":1,"name":"Startseite","item":"https:\/\/www.fw-werkstatt.de\/"},{"@type":"ListItem","position":2,"name":"Projekte","item":"https:\/\/www.fw-werkstatt.de\/index.php\/project\/"},{"@type":"ListItem","position":3,"name":"Bremsen und Auspuff"}]},{"@type":"WebSite","@id":"https:\/\/www.fw-werkstatt.de\/#website","url":"https:\/\/www.fw-werkstatt.de\/","name":"Fahrzeugtechnik Weber","description":"Ihre KFZ-Werkstatt in Coppenbrügge","potentialAction":[{"@type":"SearchAction","target":{"@type":"EntryPoint","urlTemplate":"https:\/\/www.fw-werkstatt.de\/?s={search_term_string}"},"query-input":{"@type":"PropertyValueSpecification","valueRequired":true,"valueName":"search_term_string"}}],"inLanguage":"de"}]}</script>
<!-- / Yoast SEO plugin. -->

Die Bremse quietscht, der Auspuff röhrt? Oder soll sogar absichtlich lauter im Sinne eines Sportschalldämpfers? Dann kommen Sie zu uns. Wir verwenden hier, wie in auch in allen anderen Bereichen, Originalersatzteile und Teile in Erstausrüster Qualität. Sollten die Ersatzteile mal nicht sofort bis auf den nächsten Tag verfügbar sein, haben Sie die Möglichkeit einen unserer [&hellip;]

Ihre KFZ-Werkstatt in Coppenbrügge
