{"id":92,"date":"2016-06-17T14:19:58","date_gmt":"2016-06-17T12:19:58","guid":{"rendered":"http:\/\/ftw.partner6.he-hosting.de\/?post_type=project&#038;p=92"},"modified":"2016-09-15T15:50:56","modified_gmt":"2016-09-15T13:50:56","slug":"klimaservice","status":"publish","type":"project","link":"http:\/\/www.fw-werkstatt.de\/index.php\/project\/klimaservice\/","title":{"rendered":"Klimaservice"},"content":{"rendered":"<p>Eine Klimaanlage ist etwas sch\u00f6nes. Man kann im Hochsommer sch\u00f6n entspannt von A nach B fahren, aber was ist wenn sie pl\u00f6tzlich ausf\u00e4llt, nicht mehr richtig k\u00fchlt oder komisch riecht? Na dann kommen Sie einfach zu uns. Wir haben ein moderne Klimaservice Station und s\u00e4mtliche M\u00f6glichkeiten zur Fehlersuche an Ihrer Anlage, damit Sie wieder mit einer entspannenden Temperatur fahren k\u00f6nnen.<\/p>\n<p><a href=\"..\/..\/\">Zur\u00fcck<\/a><\/p>\n","protected":false},"excerpt":{"rendered":"<p>Eine Klimaanlage ist etwas sch\u00f6nes. Man kann im Hochsommer sch\u00f6n entspannt von A nach B fahren, aber was ist wenn sie pl\u00f6tzlich ausf\u00e4llt, nicht mehr richtig k\u00fchlt oder komisch riecht? Na dann kommen Sie einfach zu uns. Wir haben ein moderne Klimaservice Station und s\u00e4mtliche M\u00f6glichkeiten zur Fehlersuche an Ihrer Anlage, damit Sie wieder mit [&hellip;]<\/p>\n","protected":false},"author":1,"featured_media":279,"comment_status":"closed","ping_status":"closed","template":"","meta":{"_et_pb_use_builder":"","_et_pb_old_content":"","_et_gb_content_width":"","cybocfi_hide_featured_image":"","footnotes":""},"project_category":[4],"project_tag":[],"class_list":["post-92","project","type-project","status-publish","has-post-thumbnail","hentry","project_category-leistungen"],"yoast_head":"<!-- This site is optimized with the Yoast SEO plugin v27.4 - https:\/\/yoast.com\/product\/yoast-seo-wordpress\/ -->\n<title>Klimaservice - Fahrzeugtechnik Weber<\/title>\n<meta name=\"robots\" content=\"index, follow, max-snippet:-1, max-image-preview:large, max-video-preview:-1\" \/>\n<link rel=\"canonical\" href=\"http:\/\/www.fw-werkstatt.de\/index.php\/project\/klimaservice\/\" \/>\n<meta property=\"og:locale\" content=\"de_DE\" \/>\n<meta property=\"og:type\" content=\"article\" \/>\n<meta property=\"og:title\" content=\"Klimaservice - Fahrzeugtechnik Weber\" \/>\n<meta property=\"og:description\" content=\"Eine Klimaanlage ist etwas sch\u00f6nes. Man kann im Hochsommer sch\u00f6n entspannt von A nach B fahren, aber was ist wenn sie pl\u00f6tzlich ausf\u00e4llt, nicht mehr richtig k\u00fchlt oder komisch riecht? Na dann kommen Sie einfach zu uns. Wir haben ein moderne Klimaservice Station und s\u00e4mtliche M\u00f6glichkeiten zur Fehlersuche an Ihrer Anlage, damit Sie wieder mit [&hellip;]\" \/>\n<meta property=\"og:url\" content=\"http:\/\/www.fw-werkstatt.de\/index.php\/project\/klimaservice\/\" \/>\n<meta property=\"og:site_name\" content=\"Fahrzeugtechnik Weber\" \/>\n<meta property=\"article:modified_time\" content=\"2016-09-15T13:50:56+00:00\" \/>\n<meta property=\"og:image\" content=\"http:\/\/www.fw-werkstatt.de\/wp-content\/uploads\/2016\/09\/Fotolia_72355448_S.jpg\" \/>\n\t<meta property=\"og:image:width\" content=\"1080\" \/>\n\t<meta property=\"og:image:height\" content=\"720\" \/>\n\t<meta property=\"og:image:type\" content=\"image\/jpeg\" \/>\n<meta name=\"twitter:card\" content=\"summary_large_image\" \/>\n<script type=\"application\/ld+json\" class=\"yoast-schema-graph\">{\"@context\":\"https:\\\/\\\/schema.org\",\"@graph\":[{\"@type\":\"WebPage\",\"@id\":\"http:\\\/\\\/www.fw-werkstatt.de\\\/index.php\\\/project\\\/klimaservice\\\/\",\"url\":\"http:\\\/\\\/www.fw-werkstatt.de\\\/index.php\\\/project\\\/klimaservice\\\/\",\"name\":\"Klimaservice - Fahrzeugtechnik Weber\",\"isPartOf\":{\"@id\":\"http:\\\/\\\/www.fw-werkstatt.de\\\/#website\"},\"primaryImageOfPage\":{\"@id\":\"http:\\\/\\\/www.fw-werkstatt.de\\\/index.php\\\/project\\\/klimaservice\\\/#primaryimage\"},\"image\":{\"@id\":\"http:\\\/\\\/www.fw-werkstatt.de\\\/index.php\\\/project\\\/klimaservice\\\/#primaryimage\"},\"thumbnailUrl\":\"http:\\\/\\\/www.fw-werkstatt.de\\\/wp-content\\\/uploads\\\/2016\\\/09\\\/Fotolia_72355448_S.jpg\",\"datePublished\":\"2016-06-17T12:19:58+00:00\",\"dateModified\":\"2016-09-15T13:50:56+00:00\",\"breadcrumb\":{\"@id\":\"http:\\\/\\\/www.fw-werkstatt.de\\\/index.php\\\/project\\\/klimaservice\\\/#breadcrumb\"},\"inLanguage\":\"de\",\"potentialAction\":[{\"@type\":\"ReadAction\",\"target\":[\"http:\\\/\\\/www.fw-werkstatt.de\\\/index.php\\\/project\\\/klimaservice\\\/\"]}]},{\"@type\":\"ImageObject\",\"inLanguage\":\"de\",\"@id\":\"http:\\\/\\\/www.fw-werkstatt.de\\\/index.php\\\/project\\\/klimaservice\\\/#primaryimage\",\"url\":\"http:\\\/\\\/www.fw-werkstatt.de\\\/wp-content\\\/uploads\\\/2016\\\/09\\\/Fotolia_72355448_S.jpg\",\"contentUrl\":\"http:\\\/\\\/www.fw-werkstatt.de\\\/wp-content\\\/uploads\\\/2016\\\/09\\\/Fotolia_72355448_S.jpg\",\"width\":1080,\"height\":720,\"caption\":\"Klimaservice\"},{\"@type\":\"BreadcrumbList\",\"@id\":\"http:\\\/\\\/www.fw-werkstatt.de\\\/index.php\\\/project\\\/klimaservice\\\/#breadcrumb\",\"itemListElement\":[{\"@type\":\"ListItem\",\"position\":1,\"name\":\"Startseite\",\"item\":\"http:\\\/\\\/www.fw-werkstatt.de\\\/\"},{\"@type\":\"ListItem\",\"position\":2,\"name\":\"Projekte\",\"item\":\"http:\\\/\\\/www.fw-werkstatt.de\\\/index.php\\\/project\\\/\"},{\"@type\":\"ListItem\",\"position\":3,\"name\":\"Klimaservice\"}]},{\"@type\":\"WebSite\",\"@id\":\"http:\\\/\\\/www.fw-werkstatt.de\\\/#website\",\"url\":\"http:\\\/\\\/www.fw-werkstatt.de\\\/\",\"name\":\"Fahrzeugtechnik Weber\",\"description\":\"Ihre KFZ-Werkstatt in Coppenbr\u00fcgge\",\"potentialAction\":[{\"@type\":\"SearchAction\",\"target\":{\"@type\":\"EntryPoint\",\"urlTemplate\":\"http:\\\/\\\/www.fw-werkstatt.de\\\/?s={search_term_string}\"},\"query-input\":{\"@type\":\"PropertyValueSpecification\",\"valueRequired\":true,\"valueName\":\"search_term_string\"}}],\"inLanguage\":\"de\"}]}<\/script>\n<!-- \/ Yoast SEO plugin. -->","yoast_head_json":{"title":"Klimaservice - Fahrzeugtechnik Weber","robots":{"index":"index","follow":"follow","max-snippet":"max-snippet:-1","max-image-preview":"max-image-preview:large","max-video-preview":"max-video-preview:-1"},"canonical":"http:\/\/www.fw-werkstatt.de\/index.php\/project\/klimaservice\/","og_locale":"de_DE","og_type":"article","og_title":"Klimaservice - Fahrzeugtechnik Weber","og_description":"Eine Klimaanlage ist etwas sch\u00f6nes. Man kann im Hochsommer sch\u00f6n entspannt von A nach B fahren, aber was ist wenn sie pl\u00f6tzlich ausf\u00e4llt, nicht mehr richtig k\u00fchlt oder komisch riecht? Na dann kommen Sie einfach zu uns. Wir haben ein moderne Klimaservice Station und s\u00e4mtliche M\u00f6glichkeiten zur Fehlersuche an Ihrer Anlage, damit Sie wieder mit [&hellip;]","og_url":"http:\/\/www.fw-werkstatt.de\/index.php\/project\/klimaservice\/","og_site_name":"Fahrzeugtechnik Weber","article_modified_time":"2016-09-15T13:50:56+00:00","og_image":[{"width":1080,"height":720,"url":"http:\/\/www.fw-werkstatt.de\/wp-content\/uploads\/2016\/09\/Fotolia_72355448_S.jpg","type":"image\/jpeg"}],"twitter_card":"summary_large_image","schema":{"@context":"https:\/\/schema.org","@graph":[{"@type":"WebPage","@id":"http:\/\/www.fw-werkstatt.de\/index.php\/project\/klimaservice\/","url":"http:\/\/www.fw-werkstatt.de\/index.php\/project\/klimaservice\/","name":"Klimaservice - Fahrzeugtechnik Weber","isPartOf":{"@id":"http:\/\/www.fw-werkstatt.de\/#website"},"primaryImageOfPage":{"@id":"http:\/\/www.fw-werkstatt.de\/index.php\/project\/klimaservice\/#primaryimage"},"image":{"@id":"http:\/\/www.fw-werkstatt.de\/index.php\/project\/klimaservice\/#primaryimage"},"thumbnailUrl":"http:\/\/www.fw-werkstatt.de\/wp-content\/uploads\/2016\/09\/Fotolia_72355448_S.jpg","datePublished":"2016-06-17T12:19:58+00:00","dateModified":"2016-09-15T13:50:56+00:00","breadcrumb":{"@id":"http:\/\/www.fw-werkstatt.de\/index.php\/project\/klimaservice\/#breadcrumb"},"inLanguage":"de","potentialAction":[{"@type":"ReadAction","target":["http:\/\/www.fw-werkstatt.de\/index.php\/project\/klimaservice\/"]}]},{"@type":"ImageObject","inLanguage":"de","@id":"http:\/\/www.fw-werkstatt.de\/index.php\/project\/klimaservice\/#primaryimage","url":"http:\/\/www.fw-werkstatt.de\/wp-content\/uploads\/2016\/09\/Fotolia_72355448_S.jpg","contentUrl":"http:\/\/www.fw-werkstatt.de\/wp-content\/uploads\/2016\/09\/Fotolia_72355448_S.jpg","width":1080,"height":720,"caption":"Klimaservice"},{"@type":"BreadcrumbList","@id":"http:\/\/www.fw-werkstatt.de\/index.php\/project\/klimaservice\/#breadcrumb","itemListElement":[{"@type":"ListItem","position":1,"name":"Startseite","item":"http:\/\/www.fw-werkstatt.de\/"},{"@type":"ListItem","position":2,"name":"Projekte","item":"http:\/\/www.fw-werkstatt.de\/index.php\/project\/"},{"@type":"ListItem","position":3,"name":"Klimaservice"}]},{"@type":"WebSite","@id":"http:\/\/www.fw-werkstatt.de\/#website","url":"http:\/\/www.fw-werkstatt.de\/","name":"Fahrzeugtechnik Weber","description":"Ihre KFZ-Werkstatt in Coppenbr\u00fcgge","potentialAction":[{"@type":"SearchAction","target":{"@type":"EntryPoint","urlTemplate":"http:\/\/www.fw-werkstatt.de\/?s={search_term_string}"},"query-input":{"@type":"PropertyValueSpecification","valueRequired":true,"valueName":"search_term_string"}}],"inLanguage":"de"}]}},"_links":{"self":[{"href":"http:\/\/www.fw-werkstatt.de\/index.php\/wp-json\/wp\/v2\/project\/92","targetHints":{"allow":["GET"]}}],"collection":[{"href":"http:\/\/www.fw-werkstatt.de\/index.php\/wp-json\/wp\/v2\/project"}],"about":[{"href":"http:\/\/www.fw-werkstatt.de\/index.php\/wp-json\/wp\/v2\/types\/project"}],"author":[{"embeddable":true,"href":"http:\/\/www.fw-werkstatt.de\/index.php\/wp-json\/wp\/v2\/users\/1"}],"replies":[{"embeddable":true,"href":"http:\/\/www.fw-werkstatt.de\/index.php\/wp-json\/wp\/v2\/comments?post=92"}],"version-history":[{"count":3,"href":"http:\/\/www.fw-werkstatt.de\/index.php\/wp-json\/wp\/v2\/project\/92\/revisions"}],"predecessor-version":[{"id":185,"href":"http:\/\/www.fw-werkstatt.de\/index.php\/wp-json\/wp\/v2\/project\/92\/revisions\/185"}],"wp:featuredmedia":[{"embeddable":true,"href":"http:\/\/www.fw-werkstatt.de\/index.php\/wp-json\/wp\/v2\/media\/279"}],"wp:attachment":[{"href":"http:\/\/www.fw-werkstatt.de\/index.php\/wp-json\/wp\/v2\/media?parent=92"}],"wp:term":[{"taxonomy":"project_category","embeddable":true,"href":"http:\/\/www.fw-werkstatt.de\/index.php\/wp-json\/wp\/v2\/project_category?post=92"},{"taxonomy":"project_tag","embeddable":true,"href":"http:\/\/www.fw-werkstatt.de\/index.php\/wp-json\/wp\/v2\/project_tag?post=92"}],"curies":[{"name":"wp","href":"https:\/\/api.w.org\/{rel}","templated":true}]}}

<p>Eine Klimaanlage ist etwas schönes. Man kann im Hochsommer schön entspannt von A nach B fahren, aber was ist wenn sie plötzlich ausfällt, nicht mehr richtig kühlt oder komisch riecht? Na dann kommen Sie einfach zu uns. Wir haben ein moderne Klimaservice Station und sämtliche Möglichkeiten zur Fehlersuche an Ihrer Anlage, damit Sie wieder mit einer entspannenden Temperatur fahren können.</p>
<p><a href="../../">Zurück</a></p>

<p>Eine Klimaanlage ist etwas schönes. Man kann im Hochsommer schön entspannt von A nach B fahren, aber was ist wenn sie plötzlich ausfällt, nicht mehr richtig kühlt oder komisch riecht? Na dann kommen Sie einfach zu uns. Wir haben ein moderne Klimaservice Station und sämtliche Möglichkeiten zur Fehlersuche an Ihrer Anlage, damit Sie wieder mit [&hellip;]</p>

<!-- This site is optimized with the Yoast SEO plugin v27.4 - https://yoast.com/product/yoast-seo-wordpress/ -->
<title>Klimaservice - Fahrzeugtechnik Weber</title>
<meta name="robots" content="index, follow, max-snippet:-1, max-image-preview:large, max-video-preview:-1" />
<link rel="canonical" href="http://www.fw-werkstatt.de/index.php/project/klimaservice/" />
<meta property="og:locale" content="de_DE" />
<meta property="og:type" content="article" />
<meta property="og:title" content="Klimaservice - Fahrzeugtechnik Weber" />
<meta property="og:description" content="Eine Klimaanlage ist etwas schönes. Man kann im Hochsommer schön entspannt von A nach B fahren, aber was ist wenn sie plötzlich ausfällt, nicht mehr richtig kühlt oder komisch riecht? Na dann kommen Sie einfach zu uns. Wir haben ein moderne Klimaservice Station und sämtliche Möglichkeiten zur Fehlersuche an Ihrer Anlage, damit Sie wieder mit [&hellip;]" />
<meta property="og:url" content="http://www.fw-werkstatt.de/index.php/project/klimaservice/" />
<meta property="og:site_name" content="Fahrzeugtechnik Weber" />
<meta property="article:modified_time" content="2016-09-15T13:50:56+00:00" />
<meta property="og:image" content="http://www.fw-werkstatt.de/wp-content/uploads/2016/09/Fotolia_72355448_S.jpg" />
	<meta property="og:image:width" content="1080" />
	<meta property="og:image:height" content="720" />
	<meta property="og:image:type" content="image/jpeg" />
<meta name="twitter:card" content="summary_large_image" />
<script type="application/ld+json" class="yoast-schema-graph">{"@context":"https:\/\/schema.org","@graph":[{"@type":"WebPage","@id":"http:\/\/www.fw-werkstatt.de\/index.php\/project\/klimaservice\/","url":"http:\/\/www.fw-werkstatt.de\/index.php\/project\/klimaservice\/","name":"Klimaservice - Fahrzeugtechnik Weber","isPartOf":{"@id":"http:\/\/www.fw-werkstatt.de\/#website"},"primaryImageOfPage":{"@id":"http:\/\/www.fw-werkstatt.de\/index.php\/project\/klimaservice\/#primaryimage"},"image":{"@id":"http:\/\/www.fw-werkstatt.de\/index.php\/project\/klimaservice\/#primaryimage"},"thumbnailUrl":"http:\/\/www.fw-werkstatt.de\/wp-content\/uploads\/2016\/09\/Fotolia_72355448_S.jpg","datePublished":"2016-06-17T12:19:58+00:00","dateModified":"2016-09-15T13:50:56+00:00","breadcrumb":{"@id":"http:\/\/www.fw-werkstatt.de\/index.php\/project\/klimaservice\/#breadcrumb"},"inLanguage":"de","potentialAction":[{"@type":"ReadAction","target":["http:\/\/www.fw-werkstatt.de\/index.php\/project\/klimaservice\/"]}]},{"@type":"ImageObject","inLanguage":"de","@id":"http:\/\/www.fw-werkstatt.de\/index.php\/project\/klimaservice\/#primaryimage","url":"http:\/\/www.fw-werkstatt.de\/wp-content\/uploads\/2016\/09\/Fotolia_72355448_S.jpg","contentUrl":"http:\/\/www.fw-werkstatt.de\/wp-content\/uploads\/2016\/09\/Fotolia_72355448_S.jpg","width":1080,"height":720,"caption":"Klimaservice"},{"@type":"BreadcrumbList","@id":"http:\/\/www.fw-werkstatt.de\/index.php\/project\/klimaservice\/#breadcrumb","itemListElement":[{"@type":"ListItem","position":1,"name":"Startseite","item":"http:\/\/www.fw-werkstatt.de\/"},{"@type":"ListItem","position":2,"name":"Projekte","item":"http:\/\/www.fw-werkstatt.de\/index.php\/project\/"},{"@type":"ListItem","position":3,"name":"Klimaservice"}]},{"@type":"WebSite","@id":"http:\/\/www.fw-werkstatt.de\/#website","url":"http:\/\/www.fw-werkstatt.de\/","name":"Fahrzeugtechnik Weber","description":"Ihre KFZ-Werkstatt in Coppenbrügge","potentialAction":[{"@type":"SearchAction","target":{"@type":"EntryPoint","urlTemplate":"http:\/\/www.fw-werkstatt.de\/?s={search_term_string}"},"query-input":{"@type":"PropertyValueSpecification","valueRequired":true,"valueName":"search_term_string"}}],"inLanguage":"de"}]}</script>
<!-- / Yoast SEO plugin. -->

Eine Klimaanlage ist etwas schönes. Man kann im Hochsommer schön entspannt von A nach B fahren, aber was ist wenn sie plötzlich ausfällt, nicht mehr richtig kühlt oder komisch riecht? Na dann kommen Sie einfach zu uns. Wir haben ein moderne Klimaservice Station und sämtliche Möglichkeiten zur Fehlersuche an Ihrer Anlage, damit Sie wieder mit [&hellip;]

Ihre KFZ-Werkstatt in Coppenbrügge
